 16. Let i(m) = 2*m**2 - 2*m - 2. List the prime factors of i(q).
2, 5
Suppose 5*d - 2*d = 0. Suppose 2*p - 6 = -d. Suppose 2*n + 2*z - 37 = -7, -5*n + p*z = -51. List the prime factors of n.
2, 3
Let w(s) = 9*s + 8. Let r(t) = -17*t - 15. Let c(k) = 6*r(k) + 11*w(k). Let p = -3 + 1. List the prime factors of c(p).
2
Let l(z) = 4*z - 10. Let f(r) = -r + 1. Let i(s) = -6*f(s) - l(s). List the prime factors of i(6).
2
Let l = -115 + 162. Let w = 75 - l. List the prime factors of (w/(-10))/(4/(-20)).
2, 7
Let r be 21/4 + 5/(-20). Suppose 8*h - 20 = 3*h + 3*l, 0 = l + r. What are the prime factors of h*9 - (-6 - -4)?
11
Suppose -r + 8 = 78. Let b = -25 - r. List the prime factors of b.
3, 5
Let r be 4/(-3)*3/(-2). Suppose 0 = 4*x - 3*h + 2*h + 5, -x - 5*h = -25. Suppose -3*w - r*w + 45 = -5*z, 4*z = x. List the prime factors of w.
3
Suppose -4*b + 7 = -9. Let z(w) = -w**3 + b + w**2 + w**2 + w**2 + 4*w. List the prime factors of z(4).
2
Let v = 14 - 15. List the prime factors of ((-24)/5)/(v/5).
2, 3
Let p(a) = -5 - a + 3*a**2 + 2*a**2 - 4*a**3 + 5*a**3. List the prime factors of p(-4).
3, 5
Suppose -3*a + 0*a = 3. Let b be -23*(a - (1 + -3)). Let r = 34 + b. List the prime factors of r.
11
Let x(y) = -8*y + 2 - 5 + 2. List the prime factors of x(-1).
7
Let o(f) = -f**2 - 7*f + 13. Let g be o(-9). Let d(a) = -a**2 - 8*a - 7. What are the prime factors of d(g)?
2
Suppose -3*c - 15 = -2*c + 4*l, 5*c - 4*l - 45 = 0. Suppose -3*k + z + 11 = -61, c*k = -z + 120. What are the prime factors of k?
2, 3
Let z = 4 - 4. Suppose z = -6*u + u + 70. What are the prime factors of u?
2, 7
Let s be (1246/(-21))/(4/6). List the prime factors of 4/(-6) - s/3.
29
Let d(a) = a. Let g be d(6). Let c = g + -9. What are the prime factors of 135/6*(-2)/c?
3, 5
Suppose -j - j = 2*q - 288, -596 = -4*j + q. What are the prime factors of j?
2, 37
Suppose -3*g - 2*g = -120. Suppose -5*s - 4*m + 2*m = -22, -5*s - 4*m = -g. Let t(z) = -z**2 + 4*z + 3. List the prime factors of t(s).
3
Let l(m) = -4*m**2 + 11*m + 5. Let i(v) = v**2 - v. Let x(t) = 5*i(t) + l(t). List the prime factors of x(-7).
2, 3
Let a be 22/8 + (-1)/(-4). Suppose -12 = -3*c + 4*r - 0, 0 = 3*c - r - a. Suppose c = d - 2 - 0. List the prime factors of d.
2
Let y(k) be the second derivative of -2*k + 0 + 0*k**2 - 3/2*k**3. What are the prime factors of y(-1)?
3
Let m = 39 + -22. List the prime factors of m.
17
Let v be -1 + 2/3*3. Let j(b) = 6*b**3 + b**2 - b + 1. Let s be j(v). Let f = 10 - s. What are the prime factors of f?
3
Let z(h) = h**3 + 8*h**2 - 2*h - 12. Let g be z(-8). Suppose -g*b - f + 78 = -4*f, -2*b + 4*f = -34. What are the prime factors of b?
3, 7
Suppose -5*i = -i - 5*y - 371, 191 = 2*i + 3*y. What are the prime factors of i?
2, 47
Let o = -2 + 24. What are the prime factors of o?
2, 11
Let v(d) = -d**2 + 11*d + 2. List the prime factors of v(5).
2
Let q(o) = -o - 1. Let l(s) = -2*s - 4. Let k(v) = l(v) - 3*q(v). Let i(c) = 7*c - 2. Let n(t) = i(t) - 4*k(t). What are the prime factors of n(4)?
2, 7
Let b(c) = 9*c - 7. What are the prime factors of b(7)?
2, 7
Suppose 4*q - 219 = x, 5*x = -q + 6*x + 51. Suppose 3*m = -m + q. What are the prime factors of m?
2, 7
Suppose -82 - 4 = -2*k. What are the prime factors of k?
43
Let y(d) be the second derivative of d**4/12 - d**3/2 + 5*d**2/2 + 7*d. What are the prime factors of y(-4)?
3, 11
Suppose -4*w + 15 = w. Let s = w + -1. Suppose 3*b = -s*b + 4*x + 35, -2*b + 4*x + 26 = 0. List the prime factors of b.
3
Suppose 204 = u + 2*u. Suppose -3*f = -19 - u. What are the prime factors of f?
29
Let c = -2 - -6. Suppose a = -2*a - c*o + 76, 76 = 4*a - o. What are the prime factors of a/(-3)*(-30)/25?
2
Let h(k) = k**2 + 10*k + 2. Let n be h(-12). Suppose 2*i - n = -4*w, -3*i + 0*i + w = -39. What are the prime factors of i?
13
Suppose -s = -2*s + 31. List the prime factors of s.
31
Suppose 6*c - 2*c + 521 = 5*d, 5*d + 4*c - 529 = 0. What are the prime factors of d?
3, 5, 7
Suppose 3*r - 5 = -k, 3*k - 5 = -r + 6*k. Let s(m) be the second derivative of m**4/12 + m**3/2 - 3*m**2/2 - 4*m. What are the prime factors of s(r)?
7
Let m(g) = g**3 + 2*g**2 - g - 4. Let q be m(-5). Let d = -49 - q. List the prime factors of d.
5
Let l = -46 - -146. Let w = -59 + l. What are the prime factors of w?
41
Let x(f) = f**3 - 12*f**2 + 3*f - 17. Let i be x(12). Suppose -62 + 18 = 4*j. Let y = j + i. List the prime factors of y.
2
Let x = -30 - -73. List the prime factors of x.
43
Let p(d) = 3*d - 2. Let v be p(4). Let l(r) = r**3 - 2. Let j be l(0). Let w = v + j. What are the prime factors of w?
2
Let r(d) = d**3 - 2*d**2 - 6*d + 2. Let m be r(4). Let b = m - 6. List the prime factors of b.
2
Suppose -4*d - w + 16 = 3*w, -3*w = 2*d - 7. Let g = 0 + d. What are the prime factors of 3/g - (-32)/5?
7
Suppose 4*s = 5*s - 5. Suppose 3*f + 25 = -5*a, 17 = s*a + 2*f + 47. Let r(v) = -v - 1. What are the prime factors of r(a)?
7
Let j = 17 + -12. List the prime factors of (-3 + j/(-2))*-6.
3, 11
Let g be ((-2)/(-3))/(2/(-6)). Let f = -41 - -41. List the prime factors of 4 + (g - f) + 1.
3
Let n = -5 + 6. Suppose n = -2*g + 2*v - 1, 3*g - 21 = -5*v. List the prime factors of (-22)/(-6) + g/(-3).
3
Let b = -9 + 11. Suppose 3*f = i - b*f - 37, -5*i + 185 = -4*f. What are the prime factors of i?
37
Suppose 4*y + 2*b = 5*y - 54, -3*y - 2*b + 194 = 0. List the prime factors of y.
2, 31
Let x = 10 - 8. Suppose 0 = -x*w - w + 54. List the prime factors of w.
2, 3
Let o(g) = 4*g**2 + 14*g + 7. List the prime factors of o(-9).
5, 41
Let i be 278/(-6) + 8/(-12). Let h = i + 69. List the prime factors of h.
2, 11
Suppose 3*v = j + 5, j - 7*v + 11 = -2*v. Suppose -18 = j*i - 6*i. List the prime factors of i.
3
Let l(y) = -y**2 + 16*y - 7. What are the prime factors of l(13)?
2
Let y(g) = g**3 - 2*g**2 - 3. Let d be y(3). Suppose 4*f - 40 = -0*f. What are the prime factors of (f/(-3))/(d/(-27))?
3, 5
Let n = 92 + -83. List the prime factors of n.
3
Suppose -5*a = -k + 39, 4*a - 3 = 2*k - 57. List the prime factors of k.
19
Suppose -r + 392 = r. List the prime factors of r.
2, 7
Suppose 0 = c + 4*c. Suppose c = -2*r - 0*r - 18. What are the prime factors of (-2 - (-10)/6)*r?
3
Let q(u) = -2*u - 6*u + 0*u. Let w(l) = -l + 3. Let f be w(4). List the prime factors of q(f).
2
Suppose 2*f - 2*x + 6 = 2*x, 4*f - 3*x = 3. Let j(c) = 2*c**2 - 3. Let s be j(f). Suppose -l + 5*m = -s, -2 = -2*m - 6. What are the prime factors of l?
5
Suppose 0 = 2*y + u - 4, -3*y - u + 4*u + 6 = 0. Suppose y = 2*r - 2*d, 0*d - 17 = -3*r - 4*d. List the prime factors of r.
3
Let r be ((-27)/2)/(12/32). Let m be (r/30)/((-4)/10). Suppose -4*z + m*v + 28 = z, 0 = 2*z - v - 11. List the prime factors of z.
5
Suppose -3*v + 2*q - 7 = -40, -11 = -v + 3*q. Suppose 9 = 2*u - v. List the prime factors of u.
2, 5
Let i = 5 + -2. Suppose 3*n + i = 4*n. Suppose -3*h = -5*w + 36, n*w + 0*w = -4*h + 10. What are the prime factors of w?
2, 3
Suppose -2*r = 8, 126 = 2*f - r - 0*r. List the prime factors of f.
61
Let r = -96 + 108. List the prime factors of r.
2, 3
Suppose -4*z + 756 = 2*m, 3*m - 5*z + 59 - 1193 = 0. List the prime factors of m.
2, 3, 7
Suppose a - 8 - 4 = 0. Suppose l + 2*l = a. Suppose -28 = -3*w + w + n, -l*w = -4*n - 52. What are the prime factors of w?
3, 5
Let b = -90 + 158. List the prime factors of b.
2, 17
Suppose 0 = -4*n - 4*f + 24, 5*n - 10 = 8*f - 3*f. Suppose n*o - 3*s = 65 - 9, -o + 14 = s. List the prime factors of o.
2, 7
Let n(p) = -20*p**3 - 2*p**2 - 1. List the prime factors of n(-2).
151
Suppose -v = -2*v + 12. Suppose -b + c + v = -3*c, -4*b + 5*c + 37 = 0. List the prime factors of b.
2
Let o = -6 - -2. Let h(b) = b**2 + 4*b + 3. Let c be h(o). Suppose -2*j = -5 - c. List the prime factors of j.
2
Let a be (-48)/(-30) - 2/(-5). Suppose 10 = a*j - 0*j. What are the prime factors of j?
5
Let r = -195 - -327. What are the prime factors of r?
2, 3, 11
Suppose -27 = s + 3*u, 0 = -4*s - 3*u - 80 + 17. Let g(t) = t**3 + 12*t**2 - t + 13. List the prime factors of g(s).
5
Let v(o) be the third derivative of o**4/8 - 11*o**3/3 - 4*o**2. List the prime factors of v(9).
5
Let n be (-2)/4 - (-1)/2. Suppose n = -2*v - 3*v + 25. Suppose k - 4*i = -2*k + 43, i = -k + v. What are the prime factors of k?
3
Let p